{"id":2,"date":"2017-07-23T06:26:15","date_gmt":"2017-07-23T04:26:15","guid":{"rendered":"http:\/\/wanderfreunde-wiltingen.de\/?page_id=2"},"modified":"2026-04-19T19:00:09","modified_gmt":"2026-04-19T17:00:09","slug":"beispiel-seite","status":"publish","type":"page","link":"http:\/\/wanderfreunde-wiltingen.de\/index.php\/beispiel-seite\/","title":{"rendered":"Home"},"content":{"rendered":"<h4 style=\"text-align: center;\"><span style=\"font-size: 24pt;\"><em><strong>50-j\u00e4hriges Jubil\u00e4um<\/strong><\/em><\/span><\/h4>\n<p>&nbsp;<\/p>\n<h4 style=\"text-align: center;\"><span style=\"font-size: 24pt;\"><em><strong>14. Mai 2026<\/strong><\/em><\/span><\/h4>\n<p>&nbsp;<\/p>\n<p><img data-recalc-dims=\"1\" loading=\"lazy\" decoding=\"async\" data-attachment-id=\"1135\" data-permalink=\"http:\/\/wanderfreunde-wiltingen.de\/index.php\/termine\/jubilaeumsplakat-2026\/\" data-orig-file=\"https:\/\/i0.wp.com\/wanderfreunde-wiltingen.de\/wp-content\/uploads\/2026\/03\/Jubilaeumsplakat-2026.jpg?fit=1190%2C1682\" data-orig-size=\"1190,1682\" data-comments-opened=\"1\" data-image-meta=\"{&quot;aperture&quot;:&quot;0&quot;,&quot;credit&quot;:&quot;&quot;,&quot;camera&quot;:&quot;&quot;,&quot;caption&quot;:&quot;&quot;,&quot;created_timestamp&quot;:&quot;0&quot;,&quot;copyright&quot;:&quot;&quot;,&quot;focal_length&quot;:&quot;0&quot;,&quot;iso&quot;:&quot;0&quot;,&quot;shutter_speed&quot;:&quot;0&quot;,&quot;title&quot;:&quot;&quot;,&quot;orientation&quot;:&quot;0&quot;}\" data-image-title=\"Jubil\u00e4umsplakat 2026\" data-image-description=\"\" data-image-caption=\"\" data-large-file=\"https:\/\/i0.wp.com\/wanderfreunde-wiltingen.de\/wp-content\/uploads\/2026\/03\/Jubilaeumsplakat-2026.jpg?fit=724%2C1024\" class=\"alignnone size-medium wp-image-1135 aligncenter\" src=\"https:\/\/i0.wp.com\/wanderfreunde-wiltingen.de\/wp-content\/uploads\/2026\/03\/Jubilaeumsplakat-2026.jpg?resize=212%2C300\" alt=\"\" width=\"212\" height=\"300\" srcset=\"https:\/\/i0.wp.com\/wanderfreunde-wiltingen.de\/wp-content\/uploads\/2026\/03\/Jubilaeumsplakat-2026.jpg?resize=212%2C300 212w, https:\/\/i0.wp.com\/wanderfreunde-wiltingen.de\/wp-content\/uploads\/2026\/03\/Jubilaeumsplakat-2026.jpg?resize=724%2C1024 724w, https:\/\/i0.wp.com\/wanderfreunde-wiltingen.de\/wp-content\/uploads\/2026\/03\/Jubilaeumsplakat-2026.jpg?resize=768%2C1086 768w, https:\/\/i0.wp.com\/wanderfreunde-wiltingen.de\/wp-content\/uploads\/2026\/03\/Jubilaeumsplakat-2026.jpg?resize=1087%2C1536 1087w, https:\/\/i0.wp.com\/wanderfreunde-wiltingen.de\/wp-content\/uploads\/2026\/03\/Jubilaeumsplakat-2026.jpg?w=1190 1190w\" sizes=\"auto, (max-width: 212px) 100vw, 212px\" \/><\/p>\n<p><img data-recalc-dims=\"1\" loading=\"lazy\" decoding=\"async\" data-attachment-id=\"111\" data-permalink=\"http:\/\/wanderfreunde-wiltingen.de\/index.php\/beispiel-seite\/startseite\/\" data-orig-file=\"https:\/\/i0.wp.com\/wanderfreunde-wiltingen.de\/wp-content\/uploads\/2017\/07\/Startseite.jpg?fit=1984%2C1488\" data-orig-size=\"1984,1488\" data-comments-opened=\"1\" data-image-meta=\"{&quot;aperture&quot;:&quot;3.7&quot;,&quot;credit&quot;:&quot;&quot;,&quot;camera&quot;:&quot;SAMSUNG WB1100F\/WB1101F\/WB1102F&quot;,&quot;caption&quot;:&quot;&quot;,&quot;created_timestamp&quot;:&quot;1491335996&quot;,&quot;copyright&quot;:&quot;Copyright 2014&quot;,&quot;focal_length&quot;:&quot;11.7&quot;,&quot;iso&quot;:&quot;100&quot;,&quot;shutter_speed&quot;:&quot;0.011111111111111&quot;,&quot;title&quot;:&quot;&quot;,&quot;orientation&quot;:&quot;1&quot;}\" data-image-title=\"Startseite\" data-image-description=\"\" data-image-caption=\"\" data-large-file=\"https:\/\/i0.wp.com\/wanderfreunde-wiltingen.de\/wp-content\/uploads\/2017\/07\/Startseite.jpg?fit=1024%2C768\" class=\" wp-image-111 alignleft\" src=\"https:\/\/i0.wp.com\/wanderfreunde-wiltingen.de\/wp-content\/uploads\/2017\/07\/Startseite.jpg?resize=400%2C300\" alt=\"\" width=\"400\" height=\"300\" srcset=\"https:\/\/i0.wp.com\/wanderfreunde-wiltingen.de\/wp-content\/uploads\/2017\/07\/Startseite.jpg?resize=300%2C225 300w, https:\/\/i0.wp.com\/wanderfreunde-wiltingen.de\/wp-content\/uploads\/2017\/07\/Startseite.jpg?resize=768%2C576 768w, https:\/\/i0.wp.com\/wanderfreunde-wiltingen.de\/wp-content\/uploads\/2017\/07\/Startseite.jpg?resize=1024%2C768 1024w, https:\/\/i0.wp.com\/wanderfreunde-wiltingen.de\/wp-content\/uploads\/2017\/07\/Startseite.jpg?w=1984 1984w\" sizes=\"auto, (max-width: 400px) 100vw, 400px\" \/><\/p>\n<figure id=\"attachment_769\" aria-describedby=\"caption-attachment-769\" style=\"width: 304px\" class=\"wp-caption alignleft\"><a href=\"https:\/\/wanderfreunde-wiltingen.de\/index.php\/beispiel-seite\/memo0003\/\" rel=\"attachment wp-att-769\"><img data-recalc-dims=\"1\" loading=\"lazy\" decoding=\"async\" data-attachment-id=\"769\" data-permalink=\"http:\/\/wanderfreunde-wiltingen.de\/index.php\/beispiel-seite\/memo0003\/\" data-orig-file=\"https:\/\/i0.wp.com\/wanderfreunde-wiltingen.de\/wp-content\/uploads\/2025\/09\/MEMO0003.jpg?fit=1600%2C1200\" data-orig-size=\"1600,1200\" data-comments-opened=\"1\" data-image-meta=\"{&quot;aperture&quot;:&quot;3.8&quot;,&quot;credit&quot;:&quot;&quot;,&quot;camera&quot;:&quot;DMC-TZ10&quot;,&quot;caption&quot;:&quot;&quot;,&quot;created_timestamp&quot;:&quot;1634028542&quot;,&quot;copyright&quot;:&quot;&quot;,&quot;focal_length&quot;:&quot;7.9&quot;,&quot;iso&quot;:&quot;320&quot;,&quot;shutter_speed&quot;:&quot;0.033333333333333&quot;,&quot;title&quot;:&quot;&quot;,&quot;orientation&quot;:&quot;1&quot;}\" data-image-title=\"MEMO0003\" data-image-description=\"\" data-image-caption=\"&lt;p&gt;unsere Grillh\u00fctte&lt;\/p&gt;\n\" data-large-file=\"https:\/\/i0.wp.com\/wanderfreunde-wiltingen.de\/wp-content\/uploads\/2025\/09\/MEMO0003.jpg?fit=1024%2C768\" class=\" wp-image-769\" src=\"https:\/\/i0.wp.com\/wanderfreunde-wiltingen.de\/wp-content\/uploads\/2025\/09\/MEMO0003.jpg?resize=304%2C228\" alt=\"\" width=\"304\" height=\"228\" srcset=\"https:\/\/i0.wp.com\/wanderfreunde-wiltingen.de\/wp-content\/uploads\/2025\/09\/MEMO0003.jpg?resize=300%2C225 300w, https:\/\/i0.wp.com\/wanderfreunde-wiltingen.de\/wp-content\/uploads\/2025\/09\/MEMO0003.jpg?resize=1024%2C768 1024w, https:\/\/i0.wp.com\/wanderfreunde-wiltingen.de\/wp-content\/uploads\/2025\/09\/MEMO0003.jpg?resize=768%2C576 768w, https:\/\/i0.wp.com\/wanderfreunde-wiltingen.de\/wp-content\/uploads\/2025\/09\/MEMO0003.jpg?resize=1536%2C1152 1536w, https:\/\/i0.wp.com\/wanderfreunde-wiltingen.de\/wp-content\/uploads\/2025\/09\/MEMO0003.jpg?w=1600 1600w\" sizes=\"auto, (max-width: 304px) 100vw, 304px\" \/><\/a><figcaption id=\"caption-attachment-769\" class=\"wp-caption-text\">unsere Geispifferh\u00fctte<\/figcaption><\/figure>\n<p style=\"text-align: justify;\">Ein unerfreulicher Fussballnachmittag in Wiltingen soll der Anlass zur Gr\u00fcndung eines Wandervereins gewesen sein.<\/p>\n<p style=\"text-align: justify;\">Wetter, Spiel und Ergebnis boten keinen Anlass zur Freude, weshalb sich einige Zuschauer\u00a0f\u00fcr den kommenden Sonntag zu einer Wanderung verabredeten.<\/p>\n<p style=\"text-align: justify;\">Bald war man einer Meinung, das &#8222;Solowandern&#8220; etwas zu organisieren und so trafen sich am 07. April 1976 zehn Gelegenheitswanderer im Gasthaus Kratz.<\/p>\n<p>&nbsp;<\/p>\n<p style=\"text-align: center;\">Schnell war man sich einig, einen Verein zu gr\u00fcnden, der wie folgt heissen wird:<\/p>\n<h3 style=\"text-align: center;\"><strong>\u00a0 \u00a0 \u00a0 \u00a0 \u00a0 \u00a0 \u00a0 \u00a0 \u00a0 \u00a0 \u00a0 \u00a0 \u00a0 \u00a0 \u00a0 \u00a0 \u00a0 \u00a0 \u00a0 \u00a0 \u00a0 \u00a0 \u00a0 \u00a0 \u00a0 \u00a0 \u00a0 \u00a0 \u00a0 \u00a0 \u00a0 \u00a0Wanderfreunde Wiltingen e.V.<\/strong><\/h3>\n<hr \/>\n<p>&nbsp;<\/p>\n<p><strong><span style=\"font-size: 14pt;\">Unsere n\u00e4chste Wanderung:\u00a0<\/span><\/strong><\/p>\n<p>&nbsp;<\/p>\n<p>&nbsp;<\/p>\n<p>&nbsp;<\/p>\n","protected":false},"excerpt":{"rendered":"<p>50-j\u00e4hriges Jubil\u00e4um &nbsp; 14. Mai 2026 &nbsp; Ein unerfreulicher Fussballnachmittag in Wiltingen soll der Anlass zur Gr\u00fcndung eines Wandervereins gewesen sein. Wetter, Spiel und Ergebnis boten keinen Anlass zur Freude, weshalb sich einige Zuschauer\u00a0f\u00fcr den kommenden Sonntag zu einer Wanderung verabredeten. Bald war man einer Meinung, das &#8222;Solowandern&#8220; etwas zu organisieren und so trafen sich [&hellip;]<\/p>\n","protected":false},"author":1,"featured_media":0,"parent":0,"menu_order":0,"comment_status":"closed","ping_status":"open","template":"","meta":{"jetpack_post_was_ever_published":false,"footnotes":""},"class_list":["post-2","page","type-page","status-publish","hentry"],"jetpack_sharing_enabled":true,"jetpack_shortlink":"https:\/\/wp.me\/P9yj9q-2","jetpack_likes_enabled":true,"jetpack-related-posts":[],"_links":{"self":[{"href":"http:\/\/wanderfreunde-wiltingen.de\/index.php\/wp-json\/wp\/v2\/pages\/2","targetHints":{"allow":["GET"]}}],"collection":[{"href":"http:\/\/wanderfreunde-wiltingen.de\/index.php\/wp-json\/wp\/v2\/pages"}],"about":[{"href":"http:\/\/wanderfreunde-wiltingen.de\/index.php\/wp-json\/wp\/v2\/types\/page"}],"author":[{"embeddable":true,"href":"http:\/\/wanderfreunde-wiltingen.de\/index.php\/wp-json\/wp\/v2\/users\/1"}],"replies":[{"embeddable":true,"href":"http:\/\/wanderfreunde-wiltingen.de\/index.php\/wp-json\/wp\/v2\/comments?post=2"}],"version-history":[{"count":68,"href":"http:\/\/wanderfreunde-wiltingen.de\/index.php\/wp-json\/wp\/v2\/pages\/2\/revisions"}],"predecessor-version":[{"id":1161,"href":"http:\/\/wanderfreunde-wiltingen.de\/index.php\/wp-json\/wp\/v2\/pages\/2\/revisions\/1161"}],"wp:attachment":[{"href":"http:\/\/wanderfreunde-wiltingen.de\/index.php\/wp-json\/wp\/v2\/media?parent=2"}],"curies":[{"name":"wp","href":"https:\/\/api.w.org\/{rel}","templated":true}]}}

<h4 style="text-align: center;"><span style="font-size: 24pt;"><em><strong>50-jähriges Jubiläum</strong></em></span></h4>
<p>&nbsp;</p>
<h4 style="text-align: center;"><span style="font-size: 24pt;"><em><strong>14. Mai 2026</strong></em></span></h4>
<p>&nbsp;</p>
<p><img data-recalc-dims="1" loading="lazy" decoding="async" data-attachment-id="1135" data-permalink="http://wanderfreunde-wiltingen.de/index.php/termine/jubilaeumsplakat-2026/" data-orig-file="https://i0.wp.com/wanderfreunde-wiltingen.de/wp-content/uploads/2026/03/Jubilaeumsplakat-2026.jpg?fit=1190%2C1682" data-orig-size="1190,1682" data-comments-opened="1" data-image-meta="{&quot;aperture&quot;:&quot;0&quot;,&quot;credit&quot;:&quot;&quot;,&quot;camera&quot;:&quot;&quot;,&quot;caption&quot;:&quot;&quot;,&quot;created_timestamp&quot;:&quot;0&quot;,&quot;copyright&quot;:&quot;&quot;,&quot;focal_length&quot;:&quot;0&quot;,&quot;iso&quot;:&quot;0&quot;,&quot;shutter_speed&quot;:&quot;0&quot;,&quot;title&quot;:&quot;&quot;,&quot;orientation&quot;:&quot;0&quot;}" data-image-title="Jubiläumsplakat 2026" data-image-description="" data-image-caption="" data-large-file="https://i0.wp.com/wanderfreunde-wiltingen.de/wp-content/uploads/2026/03/Jubilaeumsplakat-2026.jpg?fit=724%2C1024" class="alignnone size-medium wp-image-1135 aligncenter" src="https://i0.wp.com/wanderfreunde-wiltingen.de/wp-content/uploads/2026/03/Jubilaeumsplakat-2026.jpg?resize=212%2C300" alt="" width="212" height="300" srcset="https://i0.wp.com/wanderfreunde-wiltingen.de/wp-content/uploads/2026/03/Jubilaeumsplakat-2026.jpg?resize=212%2C300 212w, https://i0.wp.com/wanderfreunde-wiltingen.de/wp-content/uploads/2026/03/Jubilaeumsplakat-2026.jpg?resize=724%2C1024 724w, https://i0.wp.com/wanderfreunde-wiltingen.de/wp-content/uploads/2026/03/Jubilaeumsplakat-2026.jpg?resize=768%2C1086 768w, https://i0.wp.com/wanderfreunde-wiltingen.de/wp-content/uploads/2026/03/Jubilaeumsplakat-2026.jpg?resize=1087%2C1536 1087w, https://i0.wp.com/wanderfreunde-wiltingen.de/wp-content/uploads/2026/03/Jubilaeumsplakat-2026.jpg?w=1190 1190w" sizes="auto, (max-width: 212px) 100vw, 212px" /></p>
<p><img data-recalc-dims="1" loading="lazy" decoding="async" data-attachment-id="111" data-permalink="http://wanderfreunde-wiltingen.de/index.php/beispiel-seite/startseite/" data-orig-file="https://i0.wp.com/wanderfreunde-wiltingen.de/wp-content/uploads/2017/07/Startseite.jpg?fit=1984%2C1488" data-orig-size="1984,1488" data-comments-opened="1" data-image-meta="{&quot;aperture&quot;:&quot;3.7&quot;,&quot;credit&quot;:&quot;&quot;,&quot;camera&quot;:&quot;SAMSUNG WB1100F/WB1101F/WB1102F&quot;,&quot;caption&quot;:&quot;&quot;,&quot;created_timestamp&quot;:&quot;1491335996&quot;,&quot;copyright&quot;:&quot;Copyright 2014&quot;,&quot;focal_length&quot;:&quot;11.7&quot;,&quot;iso&quot;:&quot;100&quot;,&quot;shutter_speed&quot;:&quot;0.011111111111111&quot;,&quot;title&quot;:&quot;&quot;,&quot;orientation&quot;:&quot;1&quot;}" data-image-title="Startseite" data-image-description="" data-image-caption="" data-large-file="https://i0.wp.com/wanderfreunde-wiltingen.de/wp-content/uploads/2017/07/Startseite.jpg?fit=1024%2C768" class=" wp-image-111 alignleft" src="https://i0.wp.com/wanderfreunde-wiltingen.de/wp-content/uploads/2017/07/Startseite.jpg?resize=400%2C300" alt="" width="400" height="300" srcset="https://i0.wp.com/wanderfreunde-wiltingen.de/wp-content/uploads/2017/07/Startseite.jpg?resize=300%2C225 300w, https://i0.wp.com/wanderfreunde-wiltingen.de/wp-content/uploads/2017/07/Startseite.jpg?resize=768%2C576 768w, https://i0.wp.com/wanderfreunde-wiltingen.de/wp-content/uploads/2017/07/Startseite.jpg?resize=1024%2C768 1024w, https://i0.wp.com/wanderfreunde-wiltingen.de/wp-content/uploads/2017/07/Startseite.jpg?w=1984 1984w" sizes="auto, (max-width: 400px) 100vw, 400px" /></p>
<figure id="attachment_769" aria-describedby="caption-attachment-769" style="width: 304px" class="wp-caption alignleft"><a href="https://wanderfreunde-wiltingen.de/index.php/beispiel-seite/memo0003/" rel="attachment wp-att-769"><img data-recalc-dims="1" loading="lazy" decoding="async" data-attachment-id="769" data-permalink="http://wanderfreunde-wiltingen.de/index.php/beispiel-seite/memo0003/" data-orig-file="https://i0.wp.com/wanderfreunde-wiltingen.de/wp-content/uploads/2025/09/MEMO0003.jpg?fit=1600%2C1200" data-orig-size="1600,1200" data-comments-opened="1" data-image-meta="{&quot;aperture&quot;:&quot;3.8&quot;,&quot;credit&quot;:&quot;&quot;,&quot;camera&quot;:&quot;DMC-TZ10&quot;,&quot;caption&quot;:&quot;&quot;,&quot;created_timestamp&quot;:&quot;1634028542&quot;,&quot;copyright&quot;:&quot;&quot;,&quot;focal_length&quot;:&quot;7.9&quot;,&quot;iso&quot;:&quot;320&quot;,&quot;shutter_speed&quot;:&quot;0.033333333333333&quot;,&quot;title&quot;:&quot;&quot;,&quot;orientation&quot;:&quot;1&quot;}" data-image-title="MEMO0003" data-image-description="" data-image-caption="&lt;p&gt;unsere Grillhütte&lt;/p&gt;
" data-large-file="https://i0.wp.com/wanderfreunde-wiltingen.de/wp-content/uploads/2025/09/MEMO0003.jpg?fit=1024%2C768" class=" wp-image-769" src="https://i0.wp.com/wanderfreunde-wiltingen.de/wp-content/uploads/2025/09/MEMO0003.jpg?resize=304%2C228" alt="" width="304" height="228" srcset="https://i0.wp.com/wanderfreunde-wiltingen.de/wp-content/uploads/2025/09/MEMO0003.jpg?resize=300%2C225 300w, https://i0.wp.com/wanderfreunde-wiltingen.de/wp-content/uploads/2025/09/MEMO0003.jpg?resize=1024%2C768 1024w, https://i0.wp.com/wanderfreunde-wiltingen.de/wp-content/uploads/2025/09/MEMO0003.jpg?resize=768%2C576 768w, https://i0.wp.com/wanderfreunde-wiltingen.de/wp-content/uploads/2025/09/MEMO0003.jpg?resize=1536%2C1152 1536w, https://i0.wp.com/wanderfreunde-wiltingen.de/wp-content/uploads/2025/09/MEMO0003.jpg?w=1600 1600w" sizes="auto, (max-width: 304px) 100vw, 304px" /></a><figcaption id="caption-attachment-769" class="wp-caption-text">unsere Geispifferhütte</figcaption></figure>
<p style="text-align: justify;">Ein unerfreulicher Fussballnachmittag in Wiltingen soll der Anlass zur Gründung eines Wandervereins gewesen sein.</p>
<p style="text-align: justify;">Wetter, Spiel und Ergebnis boten keinen Anlass zur Freude, weshalb sich einige Zuschauer für den kommenden Sonntag zu einer Wanderung verabredeten.</p>
<p style="text-align: justify;">Bald war man einer Meinung, das &#8222;Solowandern&#8220; etwas zu organisieren und so trafen sich am 07. April 1976 zehn Gelegenheitswanderer im Gasthaus Kratz.</p>
<p>&nbsp;</p>
<p style="text-align: center;">Schnell war man sich einig, einen Verein zu gründen, der wie folgt heissen wird:</p>
<h3 style="text-align: center;"><strong>                                                               Wanderfreunde Wiltingen e.V.</strong></h3>
<hr />
<p>&nbsp;</p>
<p><strong><span style="font-size: 14pt;">Unsere nächste Wanderung: </span></strong></p>
<p>&nbsp;</p>
<p>&nbsp;</p>
<p>&nbsp;</p>

<p>50-jähriges Jubiläum &nbsp; 14. Mai 2026 &nbsp; Ein unerfreulicher Fussballnachmittag in Wiltingen soll der Anlass zur Gründung eines Wandervereins gewesen sein. Wetter, Spiel und Ergebnis boten keinen Anlass zur Freude, weshalb sich einige Zuschauer für den kommenden Sonntag zu einer Wanderung verabredeten. Bald war man einer Meinung, das &#8222;Solowandern&#8220; etwas zu organisieren und so trafen sich [&hellip;]</p>
